{"id":863,"date":"2019-09-24T12:03:55","date_gmt":"2019-09-24T10:03:55","guid":{"rendered":"http:\/\/www.frontcentrum.hu\/?page_id=863"},"modified":"2023-08-28T14:01:51","modified_gmt":"2023-08-28T12:01:51","slug":"hogy-rendeljek","status":"publish","type":"page","link":"https:\/\/www.frontcentrum.hu\/?page_id=863","title":{"rendered":"Hogy rendeljek?"},"content":{"rendered":"\n<p>\u00daj \u00fcgyfelek eset\u00e9n a megrendel\u00e9st legt\u00f6bbsz\u00f6r \u00e1raj\u00e1nlat k\u00e9r\u00e9s el\u0151zi meg.<br> A r\u00e9gi \u00fcgyfelek legt\u00f6bbsz\u00f6r egyb\u0151l megrendel\u00e9st k\u00fcldenek.<\/p>\n\n\n\n<p><strong>MEGRENDEL\u00c9S MENETE:<\/strong><\/p>\n\n\n\n<p>A weboldalunkon tal\u00e1lhat\u00f3 <a href=\"https:\/\/www.frontcentrum.hu\/wp-content\/uploads\/2023\/01\/NET_VACUUM_2023_01_20.xlsx\" target=\"_blank\" rel=\"noreferrer noopener\">megrendel\u0151 lapot<\/a> kit\u00f6ltve k\u00e9rj\u00fck elk\u00fcldeni a <strong>frontcentrum@frontcentrum.hu<\/strong> e-mail c\u00edmre.<\/p>\n\n\n\n<p> <br><strong>A V\u00c1KUUMF\u00d3LI\u00c1S AJT\u00d3FRONTOK GY\u00c1RT\u00c1S\u00c1HOZ SZ\u00dcKS\u00c9GES ADATOK:<\/strong> <\/p>\n\n\n\n<ul class=\"wp-block-list\"><li>a mar\u00e1sminta k\u00f3dja (A <a href=\"https:\/\/www.frontcentrum.hu\/?p=234\">mar\u00e1sminta t\u00e1bl\u00e1zatb\u00f3l<\/a> lehet kiv\u00e1lasztani)<\/li><li>a v\u00e1kuumf\u00f3lia sorsz\u00e1ma \u00e9s neve (A <a href=\"https:\/\/www.frontcentrum.hu\/?p=300\">v\u00e1kuumf\u00f3lia sz\u00edn gal\u00e9ri\u00e1b\u00f3l<\/a> lehet kiv\u00e1lasztani)<\/li><li>a frontok megnevez\u00e9se ( ajt\u00f3; fi\u00f3kel\u0151; \u00fcvegkeretes; osztott \u00fcvegkeretes)<\/li><li>m\u00e9retek (magass\u00e1g x sz\u00e9less\u00e9g, darabsz\u00e1m)<\/li><li>kieg\u00e9sz\u00edt\u0151k (f\u00e9nyl\u00e9c, korona, pill\u00e9r, fogasl\u00e9ces korona, fogasf\u00e9nyl\u00e9c)<\/li><\/ul>\n\n\n\n<p> <br><strong>A FESTETT AJT\u00d3FRONTOK GY\u00c1RT\u00c1S\u00c1HOZ SZ\u00dcKS\u00c9GES ADATOK:<\/strong> <\/p>\n\n\n\n<ul class=\"wp-block-list\"><li>a mar\u00e1sminta k\u00f3dja (A <a href=\"https:\/\/www.frontcentrum.hu\/?p=234\">mar\u00e1sninta t\u00e1bl\u00e1zatb\u00f3l<\/a> lehet kiv\u00e1lasztani) <\/li><li>a fest\u00e9k RAL vagy NCS k\u00f3dja<\/li><li>selyemf\u00e9ny\u0171 vagy magasf\u00e9ny\u0171 legyen a fel\u00fclet.<\/li><li>a frontok megnevez\u00e9se ( ajt\u00f3; fi\u00f3kel\u0151; \u00fcvegkeretes; osztott \u00fcvegkeretes)<\/li><li>m\u00e9retek (magass\u00e1g x sz\u00e9less\u00e9g, darabsz\u00e1m)<\/li><li>kieg\u00e9sz\u00edt\u0151k (f\u00e9nyl\u00e9c, korona, pill\u00e9r, fogasl\u00e9ces korona, fogasf\u00e9nyl\u00e9c)<\/li><\/ul>\n\n\n\n<p> <br><strong>A FESTETT-ANTIKOLT AJT\u00d3FRONTOK GY\u00c1RT\u00c1S\u00c1HOZ SZ\u00dcKS\u00c9GES ADATOK:<\/strong> <\/p>\n\n\n\n<ul class=\"wp-block-list\"><li>a mar\u00e1sminta k\u00f3dja (A <a href=\"https:\/\/www.frontcentrum.hu\/?p=234\">mar\u00e1sninta t\u00e1bl\u00e1zatb\u00f3l<\/a> lehet kiv\u00e1lasztani)  <\/li><li>a szem\u00e9lyesen kiv\u00e1lasztott antikolt front.<\/li><li>a frontok megnevez\u00e9se ( ajt\u00f3; fi\u00f3kel\u0151; \u00fcvegkeretes; osztott \u00fcvegkeretes)<\/li><li>m\u00e9retek (magass\u00e1g x sz\u00e9less\u00e9g, darabsz\u00e1m)<\/li><li>kieg\u00e9sz\u00edt\u0151k (f\u00e9nyl\u00e9c, korona, pill\u00e9r, fogasl\u00e9ces korona, fogasf\u00e9nyl\u00e9c)<\/li><\/ul>\n\n\n\n<p><strong>A L\u00c9ZERAKRIL <\/strong><em>(nullfug\u00e1s)<\/em> <strong>AJT\u00d3FRONTOK GY\u00c1RT\u00c1S\u00c1HOZ SZ\u00dcKS\u00c9GES ADATOK:<\/strong><\/p>\n\n\n\n<ul class=\"wp-block-list\"><li>sz\u00edn<\/li><li>m\u00e9retek (magass\u00e1g x sz\u00e9less\u00e9g, darabsz\u00e1m)<\/li><li><\/li><\/ul>\n\n\n\n<p>_____________________________________________________________________________<br><br>Megrendel\u00e9st, illetve megrendel\u00e9s m\u00f3dos\u00edt\u00e1st kiz\u00e1r\u00f3lag szem\u00e9lyesen, vagy e-mailben,<br> \u00edr\u00e1sban \u00e1ll m\u00f3dunkban elfogadni a <strong>frontcentrum@frontcentrum.hu<\/strong> e-mail c\u00edmen.<\/p>\n\n\n\n<p><strong>K\u00e9rj\u00fck megrendel\u00e9skor az al\u00e1bbi adatokat sz\u00edveskedjenek megadni:<\/strong><br><br> A megrendel\u0151, <br> \u2013 Neve <br> \u2013 Mobilsz\u00e1ma<br> \u2013 E-mail c\u00edme<br> \u2013 Sz\u00e1ml\u00e1z\u00e1si n\u00e9v<br> \u2013 Sz\u00e1ml\u00e1z\u00e1si c\u00edm<\/p>\n\n\n\n<ul class=\"wp-block-list\"><li>V\u00e1llalkoz\u00e1s eset\u00e9n ad\u00f3sz\u00e1m<\/li><li> Sz\u00e1ll\u00edt\u00e1si c\u00edm, az \u00e1tvev\u0151 neve telefonsz\u00e1ma (kisz\u00e1ll\u00edt\u00e1s eset\u00e9n k\u00e9rj\u00fck k\u00fcl\u00f6n jelezni)<\/li><\/ul>\n\n\n\n<p><strong>A be\u00e9rkez\u0151 \u00e1raj\u00e1nlat k\u00e9r\u00e9seket, megrendel\u00e9seket, m\u00f3dos\u00edt\u00e1sokat, minden esetben visszaigazoljuk!<\/strong><\/p>\n\n\n\n<p>M\u00f3dos\u00edtani csak a megrendel\u00e9s napj\u00e1n tudunk. Minden tov\u00e1bbi m\u00f3dos\u00edt\u00e1s \u00faj megrendel\u00e9snek sz\u00e1m\u00edt!<br> A visszaigazol\u00e1st al\u00e1\u00edrva, \u00e9s lepecs\u00e9telve k\u00e9rj\u00fck, hogy k\u00fcldj\u00e9k vissza r\u00e9sz\u00fcnkre, vagy e-mail-ben \u201cv\u00e1laszk\u00e9nt\u201d \u00edr\u00e1sban meger\u0151s\u00edteni hogy a visszaigazol\u00e1sban szerepl\u0151 adatokat \u00e1tellen\u0151rizte \u00e9s a v\u00e9g\u00f6sszeget, az el\u0151leget, a gy\u00e1rt\u00e1si hat\u00e1rid\u0151t elfogadja.<br><br> A gy\u00e1rt\u00e1s megkezd\u00e9se az al\u00e1\u00edrt visszaigazol\u00e1s \u00e9s az el\u0151leg be\u00e9rkez\u00e9se ut\u00e1n kezd\u0151dik!<br><br> A k\u00e9sve be\u00e9rkezett visszaigazol\u00e1s vagy el\u0151leg eset\u00e9n a gy\u00e1rt\u00e1si hat\u00e1rid\u0151 v\u00e1ltozik.<\/p>\n\n\n\n<p>Frontcentrum<\/p>\n","protected":false},"excerpt":{"rendered":"<p>\u00daj \u00fcgyfelek eset\u00e9n a megrendel\u00e9st legt\u00f6bbsz\u00f6r \u00e1raj\u00e1nlat k\u00e9r\u00e9s el\u0151zi meg. A r\u00e9gi \u00fcgyfelek legt\u00f6bbsz\u00f6r egyb\u0151l megrendel\u00e9st k\u00fcldenek. MEGRENDEL\u00c9S MENETE: A weboldalunkon tal\u00e1lhat\u00f3 megrendel\u0151 lapot kit\u00f6ltve k\u00e9rj\u00fck elk\u00fcldeni a frontcentrum@frontcentrum.hu e-mail c\u00edmre. A V\u00c1KUUMF\u00d3LI\u00c1S AJT\u00d3FRONTOK [&hellip;]<\/p>\n","protected":false},"author":1,"featured_media":0,"parent":0,"menu_order":0,"comment_status":"closed","ping_status":"closed","template":"","meta":{"footnotes":""},"class_list":["post-863","page","type-page","status-publish","hentry"],"_links":{"self":[{"href":"https:\/\/www.frontcentrum.hu\/index.php?rest_route=\/wp\/v2\/pages\/863","targetHints":{"allow":["GET"]}}],"collection":[{"href":"https:\/\/www.frontcentrum.hu\/index.php?rest_route=\/wp\/v2\/pages"}],"about":[{"href":"https:\/\/www.frontcentrum.hu\/index.php?rest_route=\/wp\/v2\/types\/page"}],"author":[{"embeddable":true,"href":"https:\/\/www.frontcentrum.hu\/index.php?rest_route=\/wp\/v2\/users\/1"}],"replies":[{"embeddable":true,"href":"https:\/\/www.frontcentrum.hu\/index.php?rest_route=%2Fwp%2Fv2%2Fcomments&post=863"}],"version-history":[{"count":15,"href":"https:\/\/www.frontcentrum.hu\/index.php?rest_route=\/wp\/v2\/pages\/863\/revisions"}],"predecessor-version":[{"id":1513,"href":"https:\/\/www.frontcentrum.hu\/index.php?rest_route=\/wp\/v2\/pages\/863\/revisions\/1513"}],"wp:attachment":[{"href":"https:\/\/www.frontcentrum.hu\/index.php?rest_route=%2Fwp%2Fv2%2Fmedia&parent=863"}],"curies":[{"name":"wp","href":"https:\/\/api.w.org\/{rel}","templated":true}]}}